{"id":2,"date":"2020-09-04T03:35:08","date_gmt":"2020-09-04T03:35:08","guid":{"rendered":"http:\/\/zprs.cz\/?page_id=2"},"modified":"2020-09-28T15:28:22","modified_gmt":"2020-09-28T15:28:22","slug":"sample-page","status":"publish","type":"page","link":"https:\/\/zprs.cz\/","title":{"rendered":"O n\u00e1s"},"content":{"rendered":"\n<figure class=\"wp-block-image size-large\"><img decoding=\"async\" loading=\"lazy\" width=\"1024\" height=\"303\" src=\"http:\/\/zprs.cz\/wp-content\/uploads\/2020\/09\/zp4-1024x303.jpg\" alt=\"\" class=\"wp-image-37\" srcset=\"https:\/\/zprs.cz\/wp-content\/uploads\/2020\/09\/zp4-1024x303.jpg 1024w, https:\/\/zprs.cz\/wp-content\/uploads\/2020\/09\/zp4-300x89.jpg 300w, https:\/\/zprs.cz\/wp-content\/uploads\/2020\/09\/zp4-768x227.jpg 768w, https:\/\/zprs.cz\/wp-content\/uploads\/2020\/09\/zp4-1536x455.jpg 1536w, https:\/\/zprs.cz\/wp-content\/uploads\/2020\/09\/zp4-2048x606.jpg 2048w\" sizes=\"(max-width: 1024px) 100vw, 1024px\" \/><\/figure>\n\n\n\n<p>Prodejna zdravotnick\u00fdch pot\u0159eb Renaty Sedl\u00e1kov\u00e9 nab\u00edz\u00ed \u0161irok\u00fd sortiment v\u00fdrobk\u016f pro l\u00e9ka\u0159e, zdravotnick\u00e1 za\u0159\u00edzen\u00ed i \u0161irokou ve\u0159ejnost v\u0161ech v\u011bkov\u00fdch kategori\u00ed.<\/p>\n\n\n\n<p>D\u00edky mnoha let\u016fm praxe ve FN HK i v soukrom\u00e9m sektoru a maximaln\u00edmu odborn\u00e9mu vzd\u011bl\u00e1n\u00ed, na\u0161e farmaceutick\u00e9 asistentky jsou schopn\u00e9 nejen doporu\u010dit ten spr\u00e1vn\u00fd v\u00fdrobek, ale i jeho spr\u00e1vnou aplikaci.<\/p>\n","protected":false},"excerpt":{"rendered":"<p>Prodejna zdravotnick\u00fdch pot\u0159eb Renaty Sedl\u00e1kov\u00e9 nab\u00edz\u00ed \u0161irok\u00fd sortiment v\u00fdrobk\u016f pro l\u00e9ka\u0159e, zdravotnick\u00e1 za\u0159\u00edzen\u00ed i \u0161irokou ve\u0159ejnost v\u0161ech v\u011bkov\u00fdch kategori\u00ed. D\u00edky mnoha let\u016fm praxe ve FN HK i v soukrom\u00e9m sektoru a maximaln\u00edmu odborn\u00e9mu vzd\u011bl\u00e1n\u00ed, na\u0161e farmaceutick\u00e9 asistentky jsou schopn\u00e9 nejen doporu\u010dit ten spr\u00e1vn\u00fd v\u00fdrobek, ale i jeho spr\u00e1vnou aplikaci.<\/p>\n","protected":false},"author":1,"featured_media":0,"parent":0,"menu_order":10,"comment_status":"closed","ping_status":"closed","template":"","meta":[],"_links":{"self":[{"href":"https:\/\/zprs.cz\/index.php\/wp-json\/wp\/v2\/pages\/2"}],"collection":[{"href":"https:\/\/zprs.cz\/index.php\/wp-json\/wp\/v2\/pages"}],"about":[{"href":"https:\/\/zprs.cz\/index.php\/wp-json\/wp\/v2\/types\/page"}],"author":[{"embeddable":true,"href":"https:\/\/zprs.cz\/index.php\/wp-json\/wp\/v2\/users\/1"}],"replies":[{"embeddable":true,"href":"https:\/\/zprs.cz\/index.php\/wp-json\/wp\/v2\/comments?post=2"}],"version-history":[{"count":4,"href":"https:\/\/zprs.cz\/index.php\/wp-json\/wp\/v2\/pages\/2\/revisions"}],"predecessor-version":[{"id":110,"href":"https:\/\/zprs.cz\/index.php\/wp-json\/wp\/v2\/pages\/2\/revisions\/110"}],"wp:attachment":[{"href":"https:\/\/zprs.cz\/index.php\/wp-json\/wp\/v2\/media?parent=2"}],"curies":[{"name":"wp","href":"https:\/\/api.w.org\/{rel}","templated":true}]}}