{"id":55,"date":"2020-09-08T22:16:29","date_gmt":"2020-09-08T22:16:29","guid":{"rendered":"http:\/\/zprs.cz\/?page_id=55"},"modified":"2020-09-28T15:27:41","modified_gmt":"2020-09-28T15:27:41","slug":"zdravotni-obuv","status":"publish","type":"page","link":"https:\/\/zprs.cz\/index.php\/zdravotni-obuv\/","title":{"rendered":"Zdravotn\u00ed obuv"},"content":{"rendered":"\n<p>Zdravotn\u00ed obuv je vyr\u00e1b\u011bn\u00e1 tak, aby zajistila maxim\u00e1ln\u00ed komfort p\u0159i ch\u016fzi i p\u0159i dlouhodob\u00e9m st\u00e1n\u00ed. Je vybaven\u00e1 ortopedickou vlo\u017ekou \u010di st\u00e9lkou, tvarovanou tak, aby vyhovovala p\u0159irozen\u00e9mu tvaru chodidla a zajistila p\u0159\u00edjemn\u00fd do\u0161lap a sn\u00ed\u017eila riziko bolesti nohou a zad.  Sortiment zahrnuje:<\/p>\n\n\n\n<ul><li>P\u00e1nsk\u00e1 Obuv<\/li><li>D\u00e1mska Obuv<\/li><li>D\u011btsk\u00e1 Obuv<\/li><li>Obuv pro Diabetiky<\/li><li>Ortopedick\u00e9 Vlo\u017eky<\/li><\/ul>\n","protected":false},"excerpt":{"rendered":"<p>Zdravotn\u00ed obuv je vyr\u00e1b\u011bn\u00e1 tak, aby zajistila maxim\u00e1ln\u00ed komfort p\u0159i ch\u016fzi i p\u0159i dlouhodob\u00e9m st\u00e1n\u00ed. Je vybaven\u00e1 ortopedickou vlo\u017ekou \u010di st\u00e9lkou, tvarovanou tak, aby vyhovovala p\u0159irozen\u00e9mu tvaru chodidla a zajistila p\u0159\u00edjemn\u00fd do\u0161lap a sn\u00ed\u017eila riziko bolesti nohou a zad. Sortiment zahrnuje: P\u00e1nsk\u00e1 Obuv D\u00e1mska Obuv D\u011btsk\u00e1 Obuv Obuv pro Diabetiky Ortopedick\u00e9 Vlo\u017eky<\/p>\n","protected":false},"author":1,"featured_media":0,"parent":0,"menu_order":7,"comment_status":"closed","ping_status":"closed","template":"","meta":[],"_links":{"self":[{"href":"https:\/\/zprs.cz\/index.php\/wp-json\/wp\/v2\/pages\/55"}],"collection":[{"href":"https:\/\/zprs.cz\/index.php\/wp-json\/wp\/v2\/pages"}],"about":[{"href":"https:\/\/zprs.cz\/index.php\/wp-json\/wp\/v2\/types\/page"}],"author":[{"embeddable":true,"href":"https:\/\/zprs.cz\/index.php\/wp-json\/wp\/v2\/users\/1"}],"replies":[{"embeddable":true,"href":"https:\/\/zprs.cz\/index.php\/wp-json\/wp\/v2\/comments?post=55"}],"version-history":[{"count":4,"href":"https:\/\/zprs.cz\/index.php\/wp-json\/wp\/v2\/pages\/55\/revisions"}],"predecessor-version":[{"id":109,"href":"https:\/\/zprs.cz\/index.php\/wp-json\/wp\/v2\/pages\/55\/revisions\/109"}],"wp:attachment":[{"href":"https:\/\/zprs.cz\/index.php\/wp-json\/wp\/v2\/media?parent=55"}],"curies":[{"name":"wp","href":"https:\/\/api.w.org\/{rel}","templated":true}]}}