{"id":62,"date":"2020-09-08T22:28:43","date_gmt":"2020-09-08T22:28:43","guid":{"rendered":"http:\/\/zprs.cz\/?page_id=62"},"modified":"2020-09-08T23:09:58","modified_gmt":"2020-09-08T23:09:58","slug":"ortezy-a-bandaze","status":"publish","type":"page","link":"https:\/\/zprs.cz\/index.php\/ortezy-a-bandaze\/","title":{"rendered":"Ort\u00e9zy a Band\u00e1\u017ee"},"content":{"rendered":"\n<p>Pom\u016fcky pro l\u00e9\u010dbu zran\u011bn\u00ed, chronick\u00fdch obt\u00ed\u017e\u00ed a jejich prevenci. Sortiment zahrnuje:<\/p>\n\n\n\n<ul><li>Ort\u00e9zy kolen, kotn\u00edk\u016f, chodidel<\/li><li>Ort\u00e9zy lokt\u016f, z\u00e1p\u011bst\u00ed, ramen<\/li><li>Tejpovac\u00ed p\u00e1sky<\/li><\/ul>\n","protected":false},"excerpt":{"rendered":"<p>Pom\u016fcky pro l\u00e9\u010dbu zran\u011bn\u00ed, chronick\u00fdch obt\u00ed\u017e\u00ed a jejich prevenci. Sortiment zahrnuje: Ort\u00e9zy kolen, kotn\u00edk\u016f, chodidel Ort\u00e9zy lokt\u016f, z\u00e1p\u011bst\u00ed, ramen Tejpovac\u00ed p\u00e1sky<\/p>\n","protected":false},"author":1,"featured_media":0,"parent":0,"menu_order":3,"comment_status":"closed","ping_status":"closed","template":"","meta":[],"_links":{"self":[{"href":"https:\/\/zprs.cz\/index.php\/wp-json\/wp\/v2\/pages\/62"}],"collection":[{"href":"https:\/\/zprs.cz\/index.php\/wp-json\/wp\/v2\/pages"}],"about":[{"href":"https:\/\/zprs.cz\/index.php\/wp-json\/wp\/v2\/types\/page"}],"author":[{"embeddable":true,"href":"https:\/\/zprs.cz\/index.php\/wp-json\/wp\/v2\/users\/1"}],"replies":[{"embeddable":true,"href":"https:\/\/zprs.cz\/index.php\/wp-json\/wp\/v2\/comments?post=62"}],"version-history":[{"count":1,"href":"https:\/\/zprs.cz\/index.php\/wp-json\/wp\/v2\/pages\/62\/revisions"}],"predecessor-version":[{"id":63,"href":"https:\/\/zprs.cz\/index.php\/wp-json\/wp\/v2\/pages\/62\/revisions\/63"}],"wp:attachment":[{"href":"https:\/\/zprs.cz\/index.php\/wp-json\/wp\/v2\/media?parent=62"}],"curies":[{"name":"wp","href":"https:\/\/api.w.org\/{rel}","templated":true}]}}